(d) = d**3 + 12*d**2 - 27. What is t(-8)?
229
Let z(u) = -3*u**2 + 111*u - 974. Determine z(23).
-8
Let y(l) = l**3 + 48*l**2 - 150*l - 125. Give y(-51).
-278
Let w(v) = -127*v + 130. Give w(1).
3
Let j(i) = -4*i**2 + 92*i - 1161. What is j(17)?
-753
Let h(i) = -i**3 + 7*i**2 - 89*i + 1164. What is h(10)?
-26
Let o(f) = -11*f - 458. Determine o(-37).
-51
Let h(d) = -6008*d + 6011. Determine h(1).
3
Let o(m) = 549*m + 2192. What is o(-4)?
-4
Let c(q) = -q**3 - 17*q**2 + 7*q - 22. Determine c(-16).
-390
Let m(p) = -1950*p + 3920. Determine m(2).
20
Let g(n) = 3*n**2 - 9*n + 26. What is g(3)?
26
Let w(r) = 13*r + 577. Calculate w(-8).
473
Let b(i) = 8*i - 16. Determine b(2).
0
Let i(j) = 48*j - 45. Give i(1).
3
Let j(g) = 2*g**3 - 10*g**2 + 36*g - 137. Calculate j(6).
151
Let v(d) = -8*d - 71. Give v(9).
-143
Let q(u) = -151*u**3 + 2*u**2 + 7*u + 3. What is q(-1)?
149
Let f(s) = s**3 + 4*s**2 - 25*s + 47. Give f(3).
35
Let x(c) = -c**3 + 17*c**2 + c + 12. Calculate x(17).
29
Let g(y) = -20*y**2 + 73*y + 31. What is g(4)?
3
Let k(z) = z**3 + 85*z**2 + 536*z - 780. Determine k(-78).
0
Let f(x) = -x**2 - 888*x - 22414. Give f(-26).
-2
Let y(s) = -12*s**3 - 6*s**2 + 5*s - 1. Calculate y(2).
-111
Let c(b) = -987*b - 3930. Give c(-4).
18
Let y(m) = m**2 + 91*m - 9914. Determine y(-155).
6
Let s(j) = -11*j - 82. What is s(-5)?
-27
Let y(z) = -3*z + 181. Give y(36).
73
Let x(s) = s**3 - 5*s**2 + 49*s - 272. Determine x(5).
-27
Let v(m) = -m**2 - 55*m + 1671. Determine v(22).
-23
Let y(p) = -238*p - 5235. Calculate y(-22).
1
Let m(b) = -b**3 + 18*b**2 - b - 21. Determine m(17).
251
Let p(r) = -27*r + 166. Give p(6).
4
Let f(q) = -56*q + 76. Determine f(3).
-92
Let b(v) = v**2 + 405*v + 3162. Calculate b(-8).
-14
Let y(j) = j**3 - 4*j**2 - 74*j - 37. Calculate y(11).
-4
Let t(l) = l**2 + 24*l + 129. Calculate t(-9).
-6
Let t(f) = -27*f**2 + 7*f + 9. Determine t(-1).
-25
Let c(w) = -21*w - 66. What is c(-4)?
18
Let x(w) = 23*w**2 - 207*w + 7. Determine x(8).
-177
Let g(o) = -o**2 - 29*o - 162. Determine g(-12).
42
Let k(w) = w**2 + 176*w + 7208. What is k(-65)?
-7
Let u(y) = -y**3 + y**2 + y + 56. What is u(0)?
56
Let b(s) = -5*s**2 + 120*s - 314. What is b(21)?
1
Let h(l) = 30*l + 269. Give h(-9).
-1
Let v(k) = -680*k - 10865. Calculate v(-16).
15
Let l(o) = 492*o - 9. Determine l(0).
-9
Let k(u) = -115*u**2 - 3*u + 2. Calculate k(1).
-116
Let d(j) = -j**2 + 224*j - 6473. Give d(34).
-13
Let n(v) = 10*v**3 - 130*v**2 - 11*v + 131. What is n(13)?
-12
Let m(b) = -2*b**2 + 14*b + 231. What is m(-8)?
-9
Let b(i) = i**3 - 27*i**2 - 13*i - 100. Determine b(28).
320
Let z(u) = 2*u**2 - 15*u + 22. Determine z(3).
-5
Let k(q) = 42945*q - 171785. Give k(4).
-5
Let a(v) = 43*v + 375. Give a(-10).
-55
Let j(a) = 84*a + 759. Determine j(-9).
3
Let f(d) = -5*d**3 + 251*d**2 - 2317*d - 19. Determine f(38).
19
Let u(p) = 2*p**2 - 44*p + 14. What is u(18)?
-130
Let v(q) = -3*q**2 + 87*q + 614. Give v(35).
-16
Let b(p) = -p**3 - 29*p**2 + 14*p + 416. What is b(-29)?
10
Let f(g) = g**3 + 9*g**2 - 27*g - 26. Determine f(-11).
29
Let k(f) = 3*f + 75. Determine k(-18).
21
Let v(o) = -167*o - 14366. Give v(-86).
-4
Let g(s) = -s**3 - 17*s**2 - 33*s + 26. What is g(-14)?
-100
Let p(w) = 155*w + 4810. Calculate p(-31).
5
Let w(a) = a**3 + 175*a**2 - 8*a - 1391. Calculate w(-175).
9
Let k(y) = y**3 + 78*y**2 + 299*y + 75. Give k(-74).
-147
Let t(r) = 2*r**2 - 7*r - 62. Give t(-10).
208
Let j(q) = 3007*q + 6016. Give j(-2).
2
Let p(z) = -3*z**3 + 128*z**2 - 210*z + 193. Determine p(41).
-12
Let m(d) = 7*d + 6. What is m(16)?
118
Let m(t) = 58*t + 7082. What is m(-122)?
6
Let b(d) = 140*d + 1125. Calculate b(-13).
-695
Let p(c) = 2*c**2 - 1499*c + 10384. Calculate p(7).
-11
Let t(a) = a**3 - 3*a**2 + 4*a + 5. Calculate t(3).
17
Let s(n) = -1477*n + 14870. Give s(10).
100
Let z(b) = 2*b**3 + 7*b**2 - 16*b + 83. Calculate z(-6).
-1
Let q(i) = i**3 - i**2 + 11*i - 9. Give q(4).
83
Let m(t) = 4*t**2 + 30*t + 16. Determine m(-9).
70
Let d(u) = 4*u**2 + 15*u - 19. Calculate d(5).
156
Let o(u) = -u**3 + 66*u**2 - 816*u + 189. Give o(16).
-67
Let m(z) = -z**3 + 10*z**2 - 24*z + 39. Give m(5).
44
Let f(r) = -r**3 - 102*r**2 - 88*r + 1293. What is f(-101)?
-20
Let b(a) = a**3 - 9*a**2 - 47*a + 437. Give b(8).
-3
Let x(p) = -p**2 + 10*p + 504. Calculate x(-18).
0
Let a(b) = 78*b - 310. Calculate a(8).
314
Let p(b) = -b**3 + 18*b**2 + 245*b - 36. What is p(27)?
18
Let q(c) = 101*c - 235. Give q(3).
68
Let w(t) = -13*t**2 - 1198*t - 190. Calculate w(-92).
-6
Let m(d) = 855*d**2 + 28214*d - 34. Calculate m(-33).
-1
Let h(b) = -40*b**2 + 29*b + 73. What is h(-4)?
-683
Let g(p) = 9*p + 779. What is g(-69)?
158
Let g(a) = -2*a**2 + 76*a + 493. Give g(44).
-35
Let x(k) = -k**2 - 4*k + 197. Give x(11).
32
Let h(f) = 46*f + 596. Calculate h(-12).
44
Let m(l) = -333*l + 1236. Determine m(4).
-96
Let f(o) = 42*o - 893. Determine f(21).
-11
Let g(d) = -32*d - 231. Calculate g(-1).
-199
Let u(o) = -o**3 - 71*o**2 + 292*o - 585. What is u(-75)?
15
Let r(n) = -105*n + 5973. What is r(58)?
-117
Let d(h) = -165*h + 7. What is d(-1)?
172
Let u(v) = v**2 - 9*v - 263. Give u(22).
23
Let b(p) = 3*p**3 + 59*p**2 + 27*p + 25. Determine b(-19).
234
Let f(q) = -2*q**2 + 58*q + 283. What is f(30)?
223
Let f(b) = b**2 - 34*b - 2217. Give f(-33).
-6
Let x(u) = -u**3 - 10*u**2 + 63*u + 636. Give x(-10).
6
Let z(d) = d**2 - 18811*d + 244365. What is z(13)?
-9
Let t(r) = -7*r + 4. Determine t(-27).
193
Let t(l) = -121*l + 2620. Calculate t(22).
-42
Let l(v) = -2*v**2 + 220*v + 6. Calculate l(110).
6
Let m(w) = w**3 - 6*w**2 - 15*w + 19. Give m(7).
-37
Let r(f) = -23*f - 412. Calculate r(-19).
25
Let x(j) = -j**3 - 28*j**2 - 57*j + 170. Determine x(-26).
300
Let z(t) = -20*t**2 - 110*t - 128. Calculate z(-4).
-8
Let l(z) = 96*z - 7981. Calculate l(83).
-13
Let a(i) = 53*i + 1062. What is a(-20)?
2
Let o(h) = -h**2 - 23*h + 169. Calculate o(-30).
-41
Let m(q) = -2*q**3 + 150*q**2 + 150*q + 177. Calculate m(76).
25
Let w(y) = 33*y + 112. Give w(-4).
-20
Let n(x) = 2*x**2 + 85*x + 423. Determine n(-5).
48
Let p(u) = 189*u**2 - 11912*u + 314. What is p(63)?
-1
Let j(q) = -q**2 + 20*q - 104. Give j(7).
-13
Let m(r) = 84*r + 6626. Calculate m(-79).
-10
Let v(g) = -17*g**3 + 3*g**2 - g - 2. Calculate v(-1).
19
Let w(m) = 4*m + 1231. What is w(-309)?
-5
Let a(h) = 2*h**2 + 24*h. Determine a(-14).
56
Let t(a) = a**3 + 35*a**2 - 78*a - 136. Calculate t(-37).
12
Let n(z) = -7*z - 174. Give n(-18).
-48
Let u(a) = -2*a**3 + 76*a**2 - 87*a - 109. Calculate u(37).
-590
Let x(o) = -o**3 - 6*o**2 - 20*o - 143. What is x(-7)?
46
Let t(i) = -40*i - 1615. Calculate t(-40).
-15
Let d(s) = s**3 - 13*s**2 + 35*s. Determine d(6).
-42
Let b(k) = -10*k - 255. Determine b(-37).
115
Let o(t) = 27*t - 536. Determine o(20).
4
Let k(n) = -2*n**3 - 16*n**2 + 4*n + 2. Calculate k(-9).
128
Let s(o) = -4*o**2 - 272*o + 274. Give s(-69).
-2
Let z(k) = -k**2 + 21*k - 148. Give z(28).
-344
Let a(v) = 28*v + 222. What is a(-7)?
26
Let v(m) = 29*m + 295. Determine v(-9).
34
Let l(k) = k**3 + 35*k**2 + 37*k + 161. Determine l(-34).
59
Let j(x) = 22*x - 1231. Give j(14).
-923
Let s(f) = -6*f**2 - 98*f - 7. Determine s(-11).
345
Let a(j) = -10*j**2 + 102*j - 10. Determine a(10).
10
Let t(d) = -3*d**2 - 617*d - 5686. Calculate t(-196).
-2
Let w(g) = -72*g - 843. Give w(-12).
21
Let l(o) = 9*o + 545. Calculate l(-52).
77
Let v(f) = -2*f**3 - 82*f**2 + 28*f + 549. Calculate v(-41).
-599
Let t(k) = -k**3 - 182*k + 1163. Determine t(6).
-145
Let z(q) = 98*q - 298. Give z(3).
-4
Let c(l) = -7*l**2 + 116*l - 61. Calculate c(16).
3
Let v(c) = 2*c**2 - 937*c - 7619. Give v(-8).
5
Let y(q) = -7*q**2 - 89*q - 238. Determine y(-9).
-4
Let j(n) = 2*n**3 + 4*n**2 - 19*n - 25. Give j(-5).
-80
Let j(d) = 271*d - 24377. Determine j(90).
13
Let g(p) = -77*p + 1556. Determine g(20).
16
Let d(n) = -n**3 + 407*n**2 + 796*n + 9003. Determine d(409).
5
Let x(o) = o**3 - 7*o**2 - 16*o + 60. Calculate x(8).
-4
Let t(o) = 2*o**3 + 27*o**2 - 43*o + 2. What is t(-15)?
-28
Let n(a) = 43*a - 831. Give n(20).
29
Let w(a) = 5*a**2 + 192*a + 466. Calculate w(-35).
-129
Let m(u) = -11*u - 123. Give m(-13).
20
Let a(p) = -3*p**2 - 90*p + 31. Give a(-30).
31
Let t(w) = 2*w**2 - 146*w + 2457. Give t